{"id":1377,"date":"2024-05-15T00:37:40","date_gmt":"2024-05-14T22:37:40","guid":{"rendered":"https:\/\/snl78.org\/?page_id=1377"},"modified":"2024-05-15T00:37:40","modified_gmt":"2024-05-14T22:37:40","slug":"rapports-indisponibles","status":"publish","type":"page","link":"https:\/\/snl78.org\/index.php\/rapports-indisponibles\/","title":{"rendered":"Rapports indisponibles"},"content":{"rendered":"<p>Bonjour<\/p>\n<p>les rapports pour l&rsquo;Assembl\u00e9e G\u00e9n\u00e9rale 2024 ne sont pas encore disponibles. Revenez bient\u00f4t sur cette m\u00eame adresse.\u00a0<\/p>\n<p>merci<\/p>\n","protected":false},"excerpt":{"rendered":"<p>Bonjour les rapports pour l&rsquo;Assembl\u00e9e G\u00e9n\u00e9rale 2024 ne sont pas encore disponibles. Revenez bient\u00f4t sur cette m\u00eame adresse.\u00a0 merci<\/p>\n","protected":false},"author":13,"featured_media":0,"parent":0,"menu_order":0,"comment_status":"closed","ping_status":"closed","template":"","meta":{"spay_email":""},"jetpack_sharing_enabled":true,"jetpack_shortlink":"https:\/\/wp.me\/P8nZxF-md","jetpack-related-posts":[],"_links":{"self":[{"href":"https:\/\/snl78.org\/index.php\/wp-json\/wp\/v2\/pages\/1377"}],"collection":[{"href":"https:\/\/snl78.org\/index.php\/wp-json\/wp\/v2\/pages"}],"about":[{"href":"https:\/\/snl78.org\/index.php\/wp-json\/wp\/v2\/types\/page"}],"author":[{"embeddable":true,"href":"https:\/\/snl78.org\/index.php\/wp-json\/wp\/v2\/users\/13"}],"replies":[{"embeddable":true,"href":"https:\/\/snl78.org\/index.php\/wp-json\/wp\/v2\/comments?post=1377"}],"version-history":[{"count":1,"href":"https:\/\/snl78.org\/index.php\/wp-json\/wp\/v2\/pages\/1377\/revisions"}],"predecessor-version":[{"id":1379,"href":"https:\/\/snl78.org\/index.php\/wp-json\/wp\/v2\/pages\/1377\/revisions\/1379"}],"wp:attachment":[{"href":"https:\/\/snl78.org\/index.php\/wp-json\/wp\/v2\/media?parent=1377"}],"curies":[{"name":"wp","href":"https:\/\/api.w.org\/{rel}","templated":true}]}}