{"id":1240,"date":"2022-03-14T14:45:30","date_gmt":"2022-03-14T13:45:30","guid":{"rendered":"https:\/\/snl78.org\/?page_id=1240"},"modified":"2023-09-29T21:56:21","modified_gmt":"2023-09-29T19:56:21","slug":"je-donne","status":"publish","type":"page","link":"https:\/\/snl78.org\/index.php\/je-donne\/","title":{"rendered":"Je donne"},"content":{"rendered":"<p>Vous \u00eates arriv\u00e9 sur cette page car vous d\u00e9sirez contribuer \u00e0 l&rsquo;action de \u00e0 SNL Yvelines, et nous vous en remercions.<\/p>\n<p>La page a d\u00e9m\u00e9nag\u00e9. Merci de cliquer sur <a href=\"https:\/\/don.solidarites-nouvelles-logement.org\/78\">ce lien<\/a> pour atteindre notre page de dons.<\/p>\n<p><a href=\"https:\/\/www.solidarites-nouvelles-logement.org\/agir-avec-snl\/faire-un-don\/?to=SNL%2078\">Je donne<\/a><\/p>\n<p><a href=\"https:\/\/www.solidarites-nouvelles-logement.org\/agir-avec-snl\/faire-un-don\/?to=SNL%2078\"><img data-attachment-id=\"279\" data-permalink=\"https:\/\/snl78.org\/index.php\/accueil\/finances\/finance-logement\/\" data-orig-file=\"https:\/\/i0.wp.com\/snl78.org\/wp-content\/uploads\/2017\/02\/finance-logement.jpg?fit=784%2C522&amp;ssl=1\" data-orig-size=\"784,522\" data-comments-opened=\"1\" data-image-meta=\"{&quot;aperture&quot;:&quot;0&quot;,&quot;credit&quot;:&quot;&quot;,&quot;camera&quot;:&quot;&quot;,&quot;caption&quot;:&quot;&quot;,&quot;created_timestamp&quot;:&quot;0&quot;,&quot;copyright&quot;:&quot;&quot;,&quot;focal_length&quot;:&quot;0&quot;,&quot;iso&quot;:&quot;0&quot;,&quot;shutter_speed&quot;:&quot;0&quot;,&quot;title&quot;:&quot;&quot;,&quot;orientation&quot;:&quot;0&quot;}\" data-image-title=\"finance logement\" data-image-description=\"\" data-medium-file=\"https:\/\/i0.wp.com\/snl78.org\/wp-content\/uploads\/2017\/02\/finance-logement.jpg?fit=300%2C200&amp;ssl=1\" data-large-file=\"https:\/\/i0.wp.com\/snl78.org\/wp-content\/uploads\/2017\/02\/finance-logement.jpg?fit=784%2C522&amp;ssl=1\" loading=\"lazy\" class=\"alignnone wp-image-279 size-medium\" src=\"https:\/\/i0.wp.com\/snl78.org\/wp-content\/uploads\/2017\/02\/finance-logement.jpg?resize=300%2C200&#038;ssl=1\" alt=\"\" width=\"300\" height=\"200\" srcset=\"https:\/\/i0.wp.com\/snl78.org\/wp-content\/uploads\/2017\/02\/finance-logement.jpg?resize=300%2C200&amp;ssl=1 300w, https:\/\/i0.wp.com\/snl78.org\/wp-content\/uploads\/2017\/02\/finance-logement.jpg?resize=600%2C399&amp;ssl=1 600w, https:\/\/i0.wp.com\/snl78.org\/wp-content\/uploads\/2017\/02\/finance-logement.jpg?resize=150%2C100&amp;ssl=1 150w, https:\/\/i0.wp.com\/snl78.org\/wp-content\/uploads\/2017\/02\/finance-logement.jpg?resize=768%2C511&amp;ssl=1 768w, https:\/\/i0.wp.com\/snl78.org\/wp-content\/uploads\/2017\/02\/finance-logement.jpg?w=784&amp;ssl=1 784w\" sizes=\"(max-width: 300px) 100vw, 300px\" data-recalc-dims=\"1\" \/><\/a><\/p>\n<p><img data-attachment-id=\"384\" data-permalink=\"https:\/\/snl78.org\/index.php\/je-donne\/logoa4italienne2006\/\" data-orig-file=\"https:\/\/i2.wp.com\/snl78.org\/wp-content\/uploads\/2017\/03\/ComiteCharte_Don_logo_RVB.jpg?fit=319%2C338&amp;ssl=1\" data-orig-size=\"319,338\" data-comments-opened=\"1\" data-image-meta=\"{&quot;aperture&quot;:&quot;0&quot;,&quot;credit&quot;:&quot;&quot;,&quot;camera&quot;:&quot;&quot;,&quot;caption&quot;:&quot;&quot;,&quot;created_timestamp&quot;:&quot;0&quot;,&quot;copyright&quot;:&quot;&quot;,&quot;focal_length&quot;:&quot;0&quot;,&quot;iso&quot;:&quot;0&quot;,&quot;shutter_speed&quot;:&quot;0&quot;,&quot;title&quot;:&quot;&quot;,&quot;orientation&quot;:&quot;0&quot;}\" data-image-title=\"LogoA4Italienne2006\" data-image-description=\"\" data-medium-file=\"https:\/\/i2.wp.com\/snl78.org\/wp-content\/uploads\/2017\/03\/ComiteCharte_Don_logo_RVB.jpg?fit=283%2C300&amp;ssl=1\" data-large-file=\"https:\/\/i2.wp.com\/snl78.org\/wp-content\/uploads\/2017\/03\/ComiteCharte_Don_logo_RVB.jpg?fit=319%2C338&amp;ssl=1\" loading=\"lazy\" class=\"wp-image-384 alignleft\" src=\"https:\/\/i2.wp.com\/snl78.org\/wp-content\/uploads\/2017\/03\/ComiteCharte_Don_logo_RVB.jpg?resize=187%2C198&#038;ssl=1\" alt=\"\" width=\"187\" height=\"198\" srcset=\"https:\/\/i2.wp.com\/snl78.org\/wp-content\/uploads\/2017\/03\/ComiteCharte_Don_logo_RVB.jpg?resize=283%2C300&amp;ssl=1 283w, https:\/\/i2.wp.com\/snl78.org\/wp-content\/uploads\/2017\/03\/ComiteCharte_Don_logo_RVB.jpg?resize=142%2C150&amp;ssl=1 142w, https:\/\/i2.wp.com\/snl78.org\/wp-content\/uploads\/2017\/03\/ComiteCharte_Don_logo_RVB.jpg?w=319&amp;ssl=1 319w\" sizes=\"(max-width: 187px) 100vw, 187px\" data-recalc-dims=\"1\" \/><\/p>\n","protected":false},"excerpt":{"rendered":"<p>Vous \u00eates arriv\u00e9 sur cette page car vous d\u00e9sirez contribuer \u00e0 l&rsquo;action de \u00e0 SNL Yvelines, et nous vous en remercions. La page a d\u00e9m\u00e9nag\u00e9. Merci de cliquer sur ce lien pour atteindre notre page de dons. Je donne<\/p>\n","protected":false},"author":13,"featured_media":0,"parent":0,"menu_order":0,"comment_status":"closed","ping_status":"closed","template":"","meta":{"spay_email":""},"jetpack_sharing_enabled":true,"jetpack_shortlink":"https:\/\/wp.me\/P8nZxF-k0","jetpack-related-posts":[{"id":1267,"url":"https:\/\/snl78.org\/index.php\/jedonne-a-snl-yvelines\/","url_meta":{"origin":1240,"position":0},"title":"Je donne \u00e0 SNL Yvelines","date":"3 juin 2022","format":false,"excerpt":"Vous \u00eates arriv\u00e9 sur cette page car vous d\u00e9sirez contribuer \u00e0 l'action de \u00e0 SNL Yvelines, et nous vous en remercions. La page a d\u00e9m\u00e9nag\u00e9. Merci de cliquer sur ce lien pour atteindre notre page de dons. Je donne","rel":"","context":"Article similaire","img":{"alt_text":"","src":"https:\/\/i2.wp.com\/snl78.org\/wp-content\/uploads\/2017\/02\/finance-logement-300x200.jpg?resize=350%2C200&ssl=1","width":350,"height":200},"classes":[]},{"id":625,"url":"https:\/\/snl78.org\/","url_meta":{"origin":1240,"position":1},"title":"Le projet SNL","date":"17 mars 2018","format":false,"excerpt":"\u00a0 Ce site n'est plus maintenu, vous pouvez nous trouver sur le site de SNL https:\/\/www.solidarites-nouvelles-logement.org\/ \u00a0 Vous pouvez \u00e9galement nous joindre : SNL Yvelines Le Campus \u2013 b\u00e2timent B1 \u2013 1er \u00e9tage 6 rue Jean-Pierre Timbaud 78180 MONTIGNY-LE-BRETONNEUX T\u00e9l\u00e9phone : 01 39 63 48 72 E-mail : contact@snl-yvelines.org -----\u2026","rel":"","context":"Article similaire","img":{"alt_text":"","src":"https:\/\/i0.wp.com\/snl78.org\/wp-content\/uploads\/2018\/03\/IMG_4553_nouveau-logo.jpg?resize=350%2C200","width":350,"height":200},"classes":[]},{"id":1203,"url":"https:\/\/snl78.org\/index.php\/assemblee-generale-de-snl-78-la-foire-aux-questions\/","url_meta":{"origin":1240,"position":2},"title":"Assembl\u00e9e G\u00e9n\u00e9rale de SNL 78 : La Foire Aux Questions","date":"8 mai 2021","format":false,"excerpt":"Vous trouverez dans cette Foire Aux Questions la r\u00e9ponse \u00e0 un certain nombre de vos demandes, qui n'ont pas \u00e9t\u00e9 abord\u00e9es dans les documents communiqu\u00e9s pour l'assembl\u00e9e g\u00e9n\u00e9rale. Cette page est remise \u00e0 jour en fonction des demandes que nous recevons et des r\u00e9ponses que nous pouvons apporter.","rel":"","context":"Article similaire","img":{"alt_text":"","src":"","width":0,"height":0},"classes":[]},{"id":1454,"url":"https:\/\/snl78.org\/index.php\/sous-les-etoiles-de-paris\/","url_meta":{"origin":1240,"position":3},"title":"Le Chesnay - Sous les \u00e9toiles de Paris","date":"2 avril 2026","format":false,"excerpt":"Catherine Frot, notre marraine, pr\u00e9sente son film ! Beau projet de cin\u00e9ma avec SNL au Chesnay ! Prenez vos places, et venez voir ce film, mais aussi dialoguer avec Catherine Frot, qui nous fait l'amiti\u00e9 d'\u00eatre pr\u00e9sente.\u00a0 On peut donc pratiquer simplement l'utile et l'agr\u00e9able. soir\u00e9e unique. Prenez vos billets\u2026","rel":"","context":"Article similaire","img":{"alt_text":"","src":"https:\/\/i0.wp.com\/snl78.org\/wp-content\/uploads\/2026\/04\/image2.jpg?fit=788%2C308&ssl=1&resize=350%2C200","width":350,"height":200},"classes":[]},{"id":1377,"url":"https:\/\/snl78.org\/index.php\/rapports-indisponibles\/","url_meta":{"origin":1240,"position":4},"title":"Rapports indisponibles","date":"15 mai 2024","format":false,"excerpt":"Bonjour les rapports pour l'Assembl\u00e9e G\u00e9n\u00e9rale 2024 ne sont pas encore disponibles. Revenez bient\u00f4t sur cette m\u00eame adresse.\u00a0 merci","rel":"","context":"Article similaire","img":{"alt_text":"","src":"","width":0,"height":0},"classes":[]}],"_links":{"self":[{"href":"https:\/\/snl78.org\/index.php\/wp-json\/wp\/v2\/pages\/1240"}],"collection":[{"href":"https:\/\/snl78.org\/index.php\/wp-json\/wp\/v2\/pages"}],"about":[{"href":"https:\/\/snl78.org\/index.php\/wp-json\/wp\/v2\/types\/page"}],"author":[{"embeddable":true,"href":"https:\/\/snl78.org\/index.php\/wp-json\/wp\/v2\/users\/13"}],"replies":[{"embeddable":true,"href":"https:\/\/snl78.org\/index.php\/wp-json\/wp\/v2\/comments?post=1240"}],"version-history":[{"count":4,"href":"https:\/\/snl78.org\/index.php\/wp-json\/wp\/v2\/pages\/1240\/revisions"}],"predecessor-version":[{"id":1355,"href":"https:\/\/snl78.org\/index.php\/wp-json\/wp\/v2\/pages\/1240\/revisions\/1355"}],"wp:attachment":[{"href":"https:\/\/snl78.org\/index.php\/wp-json\/wp\/v2\/media?parent=1240"}],"curies":[{"name":"wp","href":"https:\/\/api.w.org\/{rel}","templated":true}]}}